{"id":81,"date":"2014-09-22T14:39:10","date_gmt":"2014-09-22T14:39:10","guid":{"rendered":"http:\/\/olivervoigt.de\/wordpress\/?page_id=81"},"modified":"2021-02-06T10:14:16","modified_gmt":"2021-02-06T10:14:16","slug":"terms-privacy","status":"publish","type":"page","link":"https:\/\/olivervoigt.de\/wordpress\/?page_id=81","title":{"rendered":"Terms &#038; privacy"},"content":{"rendered":"<div>\n<h2>Terms &amp; privacy<\/h2>\n<\/div>\n<p><b>Herausgeber dieser Homepage und damit verantwortlich f\u00fcr alle Inhalte dieser Internetanwendung:<\/b><\/p>\n<p><span style=\"font-family: Verdana, Geneva, Arial, sans-serif; font-size: medium;\"><b>V O I G T, Olli <\/b><\/span><\/p>\n<p><span style=\"font-size: inherit;\">Am Wald 6<\/span><\/p>\n<p>[85614] Kirchseeon<\/p>\n<p>E-Mail:<span class=\"Apple-converted-space\">\u00a0<\/span>info(at)olivervoigt.de<\/p>\n<p><span style=\"font-size: small;\"><b>Realisierung und Hosting der Internetseite:<\/b><\/span><br \/>\nKindshuber Design &amp; Technik<br \/>\nE-Mail:<span class=\"Apple-converted-space\">\u00a0<\/span>info(at)kindshuber.de<\/p>\n<p><span style=\"font-size: small;\"><b>DISCLAIMER<\/b><\/span><\/p>\n<p>&#8222;Gem\u00e4\u00df \u00a7 5 Abs.1 TDG sind wir ausschlie\u00dflich nur f\u00fcr die eigenen Inhalte verantwortlich.<\/p>\n<p>F\u00fcr Links auf fremde Inhalte dritter Anbieter sind wir gem\u00e4\u00df \u00a7 5 Abs.2 TDG nur verantwortlich, wenn wir von einem rechtswidrigen oder strafbaren Gehalt positive Kenntnis haben und es technisch m\u00f6glich und zumutbar ist, deren Nutzung zu verhindern.<\/p>\n<p>Auch sind wir nicht verpflichtet, in periodischen Abst\u00e4nden den Inhalt von Angeboten Dritter auf deren Rechtswidrigkeit oder Strafbarkeit zu \u00fcberpr\u00fcfen. Sobald wir von dem rechtswidrigen Inhalt der Webseiten Dritter erfahren, wird der entsprechende Link von unserer Seite entfernt.<\/p>\n<p>Weiterhin m\u00f6chten wir ausdr\u00fccklich betonen, dass wir keinerlei Einfluss auf die Gestaltung und die Inhalte der gelinkten Seiten haben. Deshalb distanzieren wir uns hiermit ausdr\u00fccklich von allen Inhalten aller gelinkten Seiten auf der gesamten Website, inkl. aller Unterseiten. Diese Erkl\u00e4rung gilt f\u00fcr alle auf der Homepage ausgebrachten Links und f\u00fcr alle Inhalte der Seiten, zu denen Links oder Banner f\u00fchren.<\/p>\n<p>Sollten Inhalte dieser Internetangebote gegen geltendes Urheberrecht oder das Markengesetz versto\u00dfen, werden diese auf Hinweis schnellstm\u00f6glich entfernt.&#8220; Copyrights: Kindshuber und Partner. Alle grafischen Elemente und Textinhalte der Kindshuber und Partner Seite unterliegen deren Copyright. Das unerlaubte Verwenden von grafischen Elementen dieser Seiten ist untersagt! Das Verwenden der Texte f\u00fcr andere Zwecke welcher Art auch immer ist untersagt. Ltd. Namen und Kennzeichen, welche als Warenzeichen bekannt sind und entsprechenden Schutz genie\u00dfen, k\u00f6nnen leider nicht in jedem Fall als solche gekennzeichnet werden, da diese Seiten zu umfangreich sind. Ebenfalls sind Handelsnamen ohne Warenzeichencharakter nicht mit den entsprechenden Symbolen wie \u00a9, \u00ae oder \u2122 versehen.Aus dem Fehlen einer solchen Kennzeichnung, darf jedoch nicht geschlossen werden, dass ein Name oder ein Zeichen frei ist.Der Betreiber dieser Seiten schlie\u00dft die Haftung f\u00fcr das Fehlen einer Kennzeichnung aus. Falls irgendein Inhaber eines solchen Zeichens, der diese Seiten liest, und zu der Ansicht gelangt, dass sein Zeichen explizit erw\u00e4hnt werden sollte, so bitten wir darum, uns eine Mail mit dieser Aufforderung zuzusenden<\/p>\n","protected":false},"excerpt":{"rendered":"<p>Terms &amp; privacy Herausgeber dieser Homepage und damit verantwortlich f\u00fcr alle Inhalte dieser Internetanwendung: V O I G T, Olli Am Wald 6 [85614] Kirchseeon E-Mail:\u00a0info(at)olivervoigt.de Realisierung und Hosting der Internetseite: Kindshuber Design &amp; Technik E-Mail:\u00a0info(at)kindshuber.de DISCLAIMER &#8222;Gem\u00e4\u00df \u00a7 5 Abs.1 TDG sind wir ausschlie\u00dflich nur f\u00fcr die eigenen Inhalte verantwortlich. F\u00fcr Links auf fremde [&hellip;]<\/p>\n","protected":false},"author":1,"featured_media":0,"parent":0,"menu_order":0,"comment_status":"closed","ping_status":"closed","template":"page-full-width.php","meta":{"footnotes":""},"class_list":["post-81","page","type-page","status-publish","hentry"],"_links":{"self":[{"href":"https:\/\/olivervoigt.de\/wordpress\/index.php?rest_route=\/wp\/v2\/pages\/81","targetHints":{"allow":["GET"]}}],"collection":[{"href":"https:\/\/olivervoigt.de\/wordpress\/index.php?rest_route=\/wp\/v2\/pages"}],"about":[{"href":"https:\/\/olivervoigt.de\/wordpress\/index.php?rest_route=\/wp\/v2\/types\/page"}],"author":[{"embeddable":true,"href":"https:\/\/olivervoigt.de\/wordpress\/index.php?rest_route=\/wp\/v2\/users\/1"}],"replies":[{"embeddable":true,"href":"https:\/\/olivervoigt.de\/wordpress\/index.php?rest_route=%2Fwp%2Fv2%2Fcomments&post=81"}],"version-history":[{"count":7,"href":"https:\/\/olivervoigt.de\/wordpress\/index.php?rest_route=\/wp\/v2\/pages\/81\/revisions"}],"predecessor-version":[{"id":343,"href":"https:\/\/olivervoigt.de\/wordpress\/index.php?rest_route=\/wp\/v2\/pages\/81\/revisions\/343"}],"wp:attachment":[{"href":"https:\/\/olivervoigt.de\/wordpress\/index.php?rest_route=%2Fwp%2Fv2%2Fmedia&parent=81"}],"curies":[{"name":"wp","href":"https:\/\/api.w.org\/{rel}","templated":true}]}}